5 - c/(-10). Calculate i(q).
5
Let v(t) be the second derivative of 7*t**4/12 + t. What is v(1)?
7
Let w(i) = -i**2 + 2*i + 3. Let n(a) = a + 15. Let l be n(-17). Calculate w(l).
-5
Let b(z) = z**3 + 5*z**2 - 5*z + 5. Let j = -1 - -5. Let i = 1 + j. Suppose i*q = -28 - 2. Determine b(q).
-1
Let v be 2/1 + -1 - -2. Suppose -3 = 3*z - v*s, 2*z = -0*z - 2*s - 14. Let t(q) = 3 - q - 1 - 5. Calculate t(z).
1
Let t(c) = -2*c**3 + c**2 - 7. Let h(l) = -2*l**3 + l**2 - 6. Let f(q) = -6*h(q) + 5*t(q). Give f(-1).
-2
Let t(x) = -4*x**2 + x + 2. Suppose 0 = j - 1 - 1. Give t(j).
-12
Let w(h) be the third derivative of h**5/60 - h**4/8 + h**3/3 + 49*h**2. Calculate w(5).
12
Let p = -67 - -65. Let b(n) = n**3 + 2. Determine b(p).
-6
Let c(m) = m**3 + 3*m**2 + 3*m - 1. Suppose -2*s + 4*s = -2*w + 6, -5*w - 2*s = -24. Suppose -5*i + 2*j - 15 = 0, 4*i + 3*j + 6 = -w. What is c(i)?
-10
Suppose -2 = -5*b + 4*b, 4 = -4*u - 2*b. Let v = u - -2. Suppose v = -w - 2*w + 9. Let d(k) = -4*k + 3. Calculate d(w).
-9
Let x(b) be the third derivative of 0 + 0*b + 3*b**2 + 1/6*b**3 - 5/24*b**4. What is x(-2)?
11
Let r(k) = -k - 8. Let i = 42 + -48. Give r(i).
-2
Let g(w) be the first derivative of -w**2/2 - 2*w + 2. Let m(n) = -n**3 + 3*n**2 - 1. Let f be m(2). Determine g(f).
-5
Let s be (81/2)/9*4/6. Let h(g) = -3*g**2 + 5*g - 3. Calculate h(s).
-15
Let i(o) be the third derivative of 1/24*o**4 + 1/6*o**3 - 3*o**2 + 0*o + 0. Let q be i(0). Let k(p) = p**2 + p. Calculate k(q).
2
Let j(u) be the third derivative of 7*u**4/24 + u**3/6 + 4*u**2. What is j(-1)?
-6
Let r be (-4)/(-22) - ((-14)/(-77) - -2). Let g(y) = 3*y + 3 + 0 + 0 + y**2. Calculate g(r).
1
Let x(a) = 7*a**2 - 9*a - 8. Let z(c) = -11*c**2 + 13*c + 12. Let h(r) = -8*x(r) - 5*z(r). Calculate h(7).
4
Let o(s) = -s**3 + 5*s**2 + 6*s. Let p be o(6). Let m(a) be the third derivative of a**5/60 - a**4/24 + 3*a**3/2 - 19*a**2. Determine m(p).
9
Suppose -4*t + 17 = w, 2*t - 12 - 1 = -5*w. Let y(k) = -w + 3*k**2 - 2*k**2 - 5*k - 3. Let m be y(5). Let x(f) = -f**3 - 4*f**2 - 2*f - 4. Give x(m).
4
Let n(p) be the third derivative of p**5/60 + p**4/4 + 4*p**3/3 + 4*p**2. Calculate n(-6).
8
Let i(b) be the third derivative of b**6/360 - b**5/120 + b**4/4 - b**3 + b**2. Let p(v) be the first derivative of i(v). What is p(0)?
6
Let z(j) = 2*j**2 - 4*j - 1. Let y be (4 - 2)/(-2)*-3. Give z(y).
5
Let v = 634 - 634. Let g(b) = -1 + 0*b - b + 5. Determine g(v).
4
Let p be 6/5 - 1/5. Let t = p + 1. Let g(u) = 1 - 6*u - 9*u**2 + 10*u**t - 2. Determine g(4).
-9
Let g(v) be the second derivative of -v**7/840 - v**6/90 - v**5/60 + v**4/12 - v**3/6 + v. Let w(q) be the second derivative of g(q). Give w(-2).
-2
Let h(g) be the first derivative of g**6/120 - g**5/12 + g**4/8 + 5*g**3/6 + g**2/2 - 5. Let b(n) be the second derivative of h(n). Give b(4).
1
Let k(t) = -t**3 - 5*t**2 - 4*t - 2. Let d = 5 + -3. Suppose -o = 5*v + o - 62, -4*o - 20 = -d*v. Suppose 3*g + v = -0*g. Give k(g).
-2
Suppose 4*t = 27 + 17. Suppose -5*b = -t + 1. Let q(p) = -b*p**3 + p**3 - 10*p**2 + 6*p**2 - 1 - 2*p. Determine q(-3).
-4
Let i(d) = 2 - d**3 + 2 + 0*d**2 + 2*d**2. Let g(m) = m**3 - m**2 + 1. Let o(h) = -2*g(h) - i(h). Suppose v = 2*v. Give o(v).
-6
Let d(u) = u + 2. Suppose 4*r + 8 = -4. Calculate d(r).
-1
Let p(z) = z + 7. Let r be p(-5). Let y(q) = 0 - 3 + 2 + r + q. Calculate y(0).
1
Let j(z) = 13*z**2 - z - 5. Let h(y) = 1. Let f(u) = 5*h(u) + j(u). Let b be (1 - -1)*(-5)/(-10). What is f(b)?
12
Let s(m) be the third derivative of m**4/8 + m**3/6 - m**2. Suppose 6*d = 2*d + 4*f, -4*d = -f + 6. Let u be s(d). Let w(c) = -c - 2. What is w(u)?
3
Suppose -2*f + 0*f + 6 = 0. Suppose f*g + 3 = -0*g. Let d(p) be the first derivative of -2*p**4 - p**3/3 - p**2/2 - p + 2. Calculate d(g).
7
Let s(m) = -2*m**3 - 3*m**2 + 3*m. Let b(j) = -3*j + 20. Let c be b(6). Calculate s(c).
-22
Let o = 0 - 0. Suppose -s + 5*g + 2 + 5 = o, -2*s + 5*g = -4. Let y(j) = 2*j. Determine y(s).
-6
Let t(k) = -17 + 0*k + k + 26 - 5. Determine t(-7).
-3
Let x(i) be the second derivative of i**5/20 + i**4/4 - i**3/2 - i**2 - 34*i. Give x(-3).
7
Let b(u) = -u**2 - 2*u + 3. Let l be b(-4). Let a(j) = -j**2 - 3*j - 5. What is a(l)?
-15
Let n(h) = -7*h - h + 191 + 2*h**2 - 182 - h**3 + 7*h**2. Calculate n(8).
9
Let s(z) be the second derivative of -z**4/6 - z**2/2 + 6*z - 3. Let m(k) = -k**2 - 3*k - 1. Let p be m(-3). What is s(p)?
-3
Let t = -6 - -3. Let m(j) be the second derivative of -j**4/6 - 5*j**3/6 - j**2 + 4*j. What is m(t)?
-5
Suppose 3*z + z = 0. Let m be ((-4)/(-6))/(2/3). Let w(y) = 3*y + m + 0 - y**2 - 4*y. Determine w(z).
1
Let f = -4 - -5. Let v be (0 + f)/(3/15). Let j(y) = 2*y - 6*y**2 + y**3 - 7 - y + y**2. Give j(v).
-2
Let b(i) = -i**3 + 3*i**2 - 2*i - 1. Suppose 0*a = -5*a + 20. Suppose -1 + 3 = -2*o - 4*v, a*o + 4*v = 4. What is b(o)?
-7
Let h(u) = 5 + 4 + 1 - u. Let q be h(10). Let i(z) = q*z + 1 - 2 + z. Give i(-2).
-3
Let f be ((-28)/6)/(2/(-12)). Suppose 2*c - 7 - 7 = -3*d, c - f = -5*d. Let x = 9 - d. Let z(r) = r**2 - 2. Give z(x).
7
Let x = 14 + -8. Suppose s - 3*b = 4*s - x, -2*s - 5*b = -1. Let d(z) = -z - 3. Let l(c) = -2*c - 5. Let u(h) = -7*d(h) + 4*l(h). Determine u(s).
-2
Let a(y) be the first derivative of -y**4/4 + 5*y**3/3 - 3*y**2/2 - 2*y - 6. Give a(4).
2
Let l(j) = -j**2 + 4*j. Suppose 5 + 3 = -4*u. Let t be 0 + u + 9 + -2. Give l(t).
-5
Let q(c) = -5*c**2 - 2. Let j(a) = -2*a**2 - 1. Let t(o) = -8*j(o) + 3*q(o). Determine t(3).
11
Let t(l) = l**3 + 4*l**2 - 6*l + 3. Let f = 8 - 13. What is t(f)?
8
Let w(q) = -q. Suppose 2*l + 16 = 3*j, 0 = 2*j + 4*l - 28 + 12. Let y(m) = -m**2 + 6*m - 3. Let g be y(j). Calculate w(g).
3
Let d(p) = -3*p**2 + 0*p**2 - 2 + 3 + p - 4*p**2. Calculate d(-1).
-7
Let y(j) be the third derivative of -j**6/120 + j**5/20 - j**4/12 + j**3/2 + 10*j**2. Calculate y(2).
3
Let i(z) = -z**2 + 6*z + 1. Let w(y) = -y**2 - 6*y - 1. Let r be ((-1 - -3) + -4)*2. Let c be w(r). What is i(c)?
-6
Let k(f) = 8*f**3 + 2*f**2 - 1. Let m(v) = v**2 - 4*v + 1. Let o be m(3). Let a = o + 3. Determine k(a).
9
Let l(b) = -3*b**3 - b**2. Let o be l(-1). Let d(x) = -3 + 0*x + 2*x**o - 6*x + x. What is d(4)?
9
Let g(t) be the third derivative of t**6/120 - t**5/12 - t**4/24 + t**3/2 - 14*t**2. What is g(5)?
-2
Let d(f) = -5*f**2 + f - 1. Let y be d(1). Let k(x) = -x**2 - 3*x**2 + 10*x**2 + 6*x + x + x**3. Determine k(y).
-10
Let p(q) = -q**3 + 8*q**2 + 1. Let o be p(8). Suppose 3*s - 14 - o = 0. Let f(j) = 2*j - 7. What is f(s)?
3
Suppose 8 = 5*j - n + 3*n, -20 = -5*n. Let u(o) = o - 21. Calculate u(j).
-21
Let x(i) = -i**2 + 4*i + 0 + 3 + 1 - 3. Calculate x(4).
1
Let a(k) be the second derivative of 5*k**3/6 - k**2/2 - 17*k. Determine a(1).
4
Suppose 0 = -4*r - 16, j + 0*j + 13 = -4*r. Suppose -2 = -o + j*o, 5*m = 3*o + 13. Let k(f) = -1 + m*f + 2 + 1. Calculate k(-2).
-2
Let v(g) = 24*g**2 - 13*g - 4. Let i(t) = t + 4. Let m be i(-6). Let w(k) = 8*k**2 - 4*k - 1. Let c(q) = m*v(q) + 7*w(q). Suppose 2 = -3*p + 5. Give c(p).
7
Let g(m) = -m**3 + 7*m**2 - 7*m + 7. Let h(w) = -w**3 - 6*w**2 - w. Let b be h(-6). Calculate g(b).
1
Suppose c = 5*c - 16. Let a(m) = -m**3 - 3*m**2 - 5 + 6*m + 6*m**2 + 0*m**3. Give a(c).
3
Let z(t) = t - 2. Let n be z(7). Let w(m) = 5*m**2 - 4*m - 2 + m**2 + 0 + m**3 - 2*m**3. Determine w(n).
3
Let d(n) = -n**3 + 5*n**2 - n + 10. Let u be d(5). Let r(h) = -h + 4. Calculate r(u).
-1
Let x(u) = 2*u - 4. Let y be 296/36 + (-2)/9. Let q be x(y). Suppose q = -3*j + 5*j. Let t(g) = -g**2 + 5*g + 3. What is t(j)?
-3
Let j(t) be the third derivative of -1/60*t**5 + 0*t + 0 + 0*t**4 - t**2 - 1/3*t**3. Give j(2).
-6
Let k(d) = d**3 + 7*d**2 + 4. Let p be 1 + (4 - 9) + -3. What is k(p)?
4
Let a(m) be the third derivative of 1/3*m**3 - 1/360*m**6 + 0 - 2*m**2 + 1/6*m**4 + 1/120*m**5 + 0*m. Let g(n) be the first derivative of a(n). Give g(0).
4
Let s(a) = -a**2 - 11*a - 11. Let u be s(-9). Suppose -3*p + 6*p - 6 = 0. Let t = p - u. Let d(g) = -g**3 - 6*g**2 - 5*g + 6. Calculate d(t).
6
Let d(j) = -j + 8. Let h be d(6). Let y(q) = -4 - q + h*q + 0. Calculate y(-4).
-8
Suppose -5*d = -3*i - 37, 3*i = -4*d - 2*i. Let a be 76/5 - 1/d. Let k(v) = -a*v + v**2 - 6*v**2 + 14*v. Give k(-1).
-4
Suppose -10*t = -15*t - 65. Let h = -18 - t